222 (base 3) to base 9
-88
-3 (base 11) to base 13
-3
Convert 4 (base 10) to base 3.
11
Convert 31 (base 7) to base 11.
20
What is -2 (base 13) in base 4?
-2
Convert -2 (base 12) to base 10.
-2
Convert -1101001 (base 2) to base 14.
-77
Convert 111 (base 2) to base 5.
12
13 (base 4) to base 7
10
Convert -35 (base 8) to base 4.
-131
Convert 64 (base 8) to base 5.
202
Convert -11 (base 2) to base 5.
-3
Convert 20 (base 6) to base 13.
c
What is 6 (base 8) in base 10?
6
What is -110010 (base 2) in base 6?
-122
20 (base 11) to base 7
31
Convert -40 (base 6) to base 7.
-33
Convert -a (base 13) to base 4.
-22
What is -31 (base 6) in base 7?
-25
Convert 3 (base 4) to base 12.
3
What is -10 (base 16) in base 8?
-20
-3 (base 10) to base 11
-3
What is -21 (base 9) in base 4?
-103
-2 (base 13) to base 5
-2
What is 0 (base 11) in base 3?
0
Convert -4 (base 13) to base 8.
-4
Convert -447 (base 9) to base 13.
-223
-7 (base 10) to base 4
-13
3 (base 10) to base 2
11
What is -1c (base 15) in base 2?
-11011
Convert -1 (base 5) to base 8.
-1
Convert 33 (base 4) to base 15.
10
84 (base 9) to base 13
5b
What is 1021 (base 3) in base 5?
114
What is -2 (base 14) in base 6?
-2
What is 143 (base 8) in base 6?
243
What is 21 (base 8) in base 10?
17
Convert -142 (base 5) to base 11.
-43
-1101 (base 3) to base 16
-25
6 (base 14) to base 7
6
What is 4f (base 16) in base 4?
1033
Convert -2 (base 6) to base 13.
-2
-13 (base 16) to base 2
-10011
What is -3 (base 13) in base 2?
-11
41 (base 5) to base 3
210
What is 101 (base 11) in base 2?
1111010
What is -3 (base 4) in base 12?
-3
-31 (base 10) to base 12
-27
What is -16 (base 16) in base 4?
-112
Convert 122 (base 9) to base 12.
85
Convert 79 (base 13) to base 8.
144
1 (base 3) to base 2
1
What is 211 (base 4) in base 2?
100101
What is 20 (base 3) in base 5?
11
8 (base 12) to base 14
8
Convert 205 (base 6) to base 11.
70
Convert -2 (base 12) to base 6.
-2
What is 43 (base 9) in base 12?
33
What is 10 (base 4) in base 8?
4
Convert 1012 (base 4) to base 15.
4a
What is -8b (base 15) in base 14?
-95
Convert 3 (base 10) to base 15.
3
What is -4 (base 6) in base 5?
-4
Convert c1 (base 16) to base 7.
364
Convert -2 (base 11) to base 8.
-2
What is -7 (base 10) in base 15?
-7
-4 (base 5) to base 13
-4
What is -3 (base 12) in base 6?
-3
2102 (base 3) to base 11
5a
Convert 29 (base 10) to base 5.
104
8a (base 12) to base 3
10221
What is 2 (base 6) in base 5?
2
What is -1b0 (base 12) in base 2?
-100010100
-324 (base 8) to base 13
-134
Convert -130 (base 4) to base 2.
-11100
Convert -11011 (base 2) to base 6.
-43
-127 (base 10) to base 3
-11201
What is 3 (base 13) in base 9?
3
What is -11011 (base 2) in base 15?
-1c
What is -33 (base 4) in base 15?
-10
What is -166 (base 10) in base 5?
-1131
1 (base 4) to base 14
1
What is -41 (base 11) in base 4?
-231
Convert 5 (base 15) to base 16.
5
Convert 1 (base 13) to base 2.
1
Convert -161 (base 7) to base 13.
-71
Convert 20 (base 12) to base 4.
120
What is 1 (base 13) in base 9?
1
2 (base 16) to base 13
2
What is 3 (base 16) in base 7?
3
-7 (base 16) to base 11
-7
Convert 1 (base 7) to base 16.
1
Convert 77 (base 13) to base 3.
10122
Convert 51 (base 12) to base 8.
75
6 (base 7) to base 9
6
What is 1332 (base 4) in base 5?
1001
Convert -50 (base 6) to base 14.
-22
Convert -fc (base 16) to base 14.
-140
What is -101 (base 3) in base 2?
-1010
What is 16 (base 8) in base 13?
11
-295 (base 12) to base 14
-209
What is 6 (base 12) in base 6?
10
-3 (base 12) to base 9
-3
Convert -12 (base 11) to base 7.
-16
-10000010 (base 2) to base 9
-154
Convert -b (base 13) to base 16.
-b
20 (base 15) to base 5
110
Convert 7 (base 12) to base 9.
7
Convert -15 (base 9) to base 11.
-13
Convert -1 (base 8) to base 14.
-1
What is -4 (base 13) in base 5?
-4
-5 (base 14) to base 2
-101
2 (base 16) to base 10
2
-31 (base 6) to base 3
-201
What is -162 (base 8) in base 9?
-136
What is 14 (base 8) in base 6?
20
Convert 9 (base 14) to base 11.
9
21 (base 4) to base 13
9
What is -100 (base 2) in base 16?
-4
Convert 11d (base 14) to base 4.
3133
-11010 (base 2) to base 14
-1c
What is 10 (base 10) in base 6?
14
-32 (base 8) to base 14
-1c
1 (base 7) to base 12
1
Convert 2200 (base 4) to base 3.
12221
What is -42 (base 5) in base 12?
-1a
Convert 1233 (base 4) to base 8.
157
Convert -130 (base 5) to base 10.
-40
-123 (base 5) to base 10
-38
What is -2132 (base 4) in base 13?
-c2
Convert -107 (base 13) to base 7.
-341
What is -1 (base 7) in base 5?
-1
What is 3 (base 8) in base 13?
3
What is 1b (base 16) in base 7?
36
What is -1b (base 13) in base 7?
-33
What is -1 (base 3) in base 8?
-1
Convert 1e (base 16) to base 15.
20
3221 (base 4) to base 5
1413
What is -68 (base 9) in base 12?
-52
11010 (base 3) to base 12
93
What is -3 (base 11) in base 6?
-3
-6 (base 8) to base 14
-6
Convert -157 (base 11) to base 12.
-133
-10 (base 4) to base 5
-4
What is -5 (base 7) in base 16?
-5
10 (base 4) to base 15
4
What is 0 (base 3) in base 13?
0
What is -26 (base 13) in base 4?
-200
Convert -4a (base 16) to base 12.
-62
What is 144 (base 11) in base 14?
c1
7 (base 9) to base 2
111
What is -22 (base 7) in base 2?
-10000
-11000 (base 2) to base 3
-220
What is 31 (base 12) in base 13?
2b
What is 124 (base 6) in base 10?
52
Convert -3 (base 9) to base 6.
-3
Convert -6 (base 14) to base 8.
-6
Convert -5 (base 16) to base 6.
-5
-2010 (base 3) to base 8
-71
What is -30 (base 4) in base 14?
-c
What is 5 (base 8) in base 14?
5
12 (base 10) to base 13
c
11 (base 9) to base 13
a
-3 (base 4) to base 12
-3
Convert 16 (base 11) to base 2.
10001
Convert -6 (base 8) to base 5.
-11
Convert 1 (base 13) to base 16.
1
Convert 12 (base 15) to base 4.
101
-6 (base 10) to base 9
-6
Convert -7 (base 15) to base 16.
-7
Convert -1110 (base 5) to base 10.
-155
What is 66 (base 13) in base 2?
1010100
Convert -5 (base 11) to base 9.
-5
What is -71 (base 9) in base 10?
-64
Convert 4 (base 16) to base 14.
4
-11 (base 2) to base 16
-3
-10010100 (base 2) to base 8
-224
What is -3 (base 13) in base 15?
-3
Convert -3 (base 4) to base 8.
-3
Convert 2 (base 7) to base 16.
2
Convert -1 (base 6) to base 16.
-1
-77 (base 13) to base 8
-142
86 (base 11) to base 9
114
Convert 1 (base 8) to base 4.
1
Convert 12121 (base 3) to base 12.
107
Convert -312 (base 4) to base 12.
-46
What is 5 (base 8) in base 13?
5
-1200 (base 5) to base 8
-257
What is 110001101 (base 2) in base 10?
397
Convert -5 (base 6) to base 14.
-5
11200 (base 3) to base 4
1332
What is 2 (base 6) in base 15?
2
What is 43 (base 13) in base 14?
3d
Convert -1021 (base 3) to base 15.
-24
Convert -2 (base 12) to base 13.
-2
Convert 22211 (base 3) to base 13.
154
What is 100 (base 4) in base 15?
11
4 (base 9) to base 13
4
10000001 (base 2) to base 4
2001
What is 20 (base 9) in base 10?
18
What is -12 (base 3) in base 15?
-5
What is 56 (base 11) in base 5?
221
What is -130 (base 12) in base 6?
-500
5d (base 15) to base 6
224
What is -3 (base 4) in base 6?
-3
39 (base 13) to base 16
30
-2 (base 10) to base 9
-2
What is -3 (base 5) in base 10?
-3
-5 (base 7) to base 4
-11
What is -2 (base 15) in base 2?
-10
What is 2b (base 12) in base 8?
43
Convert 6 (base 14) to base 15.
6
Convert 6 (base 14) to base 3.
20
Convert 321 (base 7) to base 6.
430
What is -4 (base 14) in base 5?
-4
What is -1c (base 16) in base 5?
-103
Convert -3 (base 5) to base 8.
-3
What is 38 (base 9) in base 8?
43
What is -2 (base 4) in base 12?
-2
Convert 91 (base 11) to base 6.
244
2 (base 4) to base 7
2
2 (base 15) to base 16
2
-150 (base 7) to base 2
-1010100
Convert -51 (base 8) to base 11.
-38
-110 (base 15) to base 7
-462
Convert 105 (base 9) to base 11.
79
Convert -7 (base 8) to base 12.
-7
What is 71 (base 14) in base 11?
90
Convert -10 (base 3) to base 4.
-3
Convert 1131 (base 5) to base 4.
2212
-67 (base 15) to base 2
-1100001
What is 2010 (base 3) in base 15?
3c
-4 (base 16) to base 5
-4
15 (base 14) to base 9
21
-15 (base 8) to base 5
-23
Convert 21 (base 3) to base 13.
7
Convert -15 (base 6) to base 3.
-102
11 (base 4) to base 15
5
What is 1 (base 3) in base 12?
1
-102012 (base 3) to base 12
-212
What is 94 (base 13) in base 10?
121
9 (base 14) to base 12
9
-13 (base 14) to base 10
-17
b1 (base 16) to base 11
151
11 (base 3) to base 5
4
Convert